What are the prime factors of 4619448401?
4619448401
What are the prime factors of 15236447?
15236447
What are the prime factors of 1703879709?
3, 7, 157, 271, 1907
List the prime factors of 167348966.
2, 23, 29, 331, 379
What are the prime factors of 24838618?
2, 7, 37, 47951
What are the prime factors of 355124585?
5, 101, 703217
List the prime factors of 133964204.
2, 11, 3044641
What are the prime factors of 165682766?
2, 82841383
What are the prime factors of 204508342?
2, 1021, 100151
List the prime factors of 298926935.
5, 131, 456377
List the prime factors of 372648753.
3, 29, 1427773
List the prime factors of 1496063269.
389, 3845921
What are the prime factors of 105972731?
105972731
List the prime factors of 1041188.
2, 131, 1987
What are the prime factors of 483627051?
3, 251, 71363
What are the prime factors of 784658529?
3, 1399, 20773
List the prime factors of 1461511528.
2, 182688941
What are the prime factors of 814162834?
2, 407081417
What are the prime factors of 180293325?
3, 5, 2403911
List the prime factors of 1065564338.
2, 43, 157, 78919
What are the prime factors of 31583910?
2, 3, 5, 1052797
List the prime factors of 754910276.
2, 188727569
What are the prime factors of 3925397200?
2, 5, 9813493
What are the prime factors of 54574189?
54574189
What are the prime factors of 696244071?
3, 149, 1557593
What are the prime factors of 1322693334?
2, 3, 53, 419, 1103
What are the prime factors of 512687?
7, 10463
What are the prime factors of 86920228?
2, 21730057
List the prime factors of 119323.
17, 7019
What are the prime factors of 1787603164?
2, 359, 419, 2971
What are the prime factors of 16999694?
2, 17, 79, 6329
What are the prime factors of 3690068220?
2, 3, 5, 43, 476753
List the prime factors of 211139926.
2, 173, 277, 2203
What are the prime factors of 172901276?
2, 43225319
What are the prime factors of 630147345?
3, 5, 42009823
What are the prime factors of 869688415?
5, 31, 149, 37657
List the prime factors of 134913847.
7993, 16879
What are the prime factors of 4960364?
2, 23, 53917
What are the prime factors of 127367767?
23, 101, 54829
List the prime factors of 74491540.
2, 5, 101, 36877
What are the prime factors of 360613514?
2, 31, 5816347
What are the prime factors of 43523966?
2, 21761983
List the prime factors of 4512041038.
2, 29, 383, 203117
What are the prime factors of 292325235?
3, 5, 59, 330311
What are the prime factors of 78446264?
2, 13, 571, 1321
What are the prime factors of 17282991?
3, 11, 439, 1193
List the prime factors of 3365474235.
3, 5, 31, 7237579
List the prime factors of 4211376500.
2, 5, 41, 205433
List the prime factors of 678766253.
11, 113, 546071
What are the prime factors of 98523821?
11, 167, 53633
List the prime factors of 43716463.
7, 59, 151, 701
What are the prime factors of 3870846014?
2, 7, 276489001
What are the prime factors of 3188204841?
3, 1062734947
List the prime factors of 175540742.
2, 13, 17, 397151
What are the prime factors of 222859788?
2, 3, 23, 807463
What are the prime factors of 1653394843?
1653394843
List the prime factors of 1189541691.
3, 13, 29, 350587
What are the prime factors of 56898274?
2, 19, 23, 65101
List the prime factors of 972524038.
2, 617, 788107
List the prime factors of 113360283.
3, 4198529
What are the prime factors of 38996526?
2, 3, 113, 509
What are the prime factors of 1625747199?
3, 241, 827, 2719
What are the prime factors of 464347006?
2, 61, 3806123
What are the prime factors of 704766010?
2, 5, 13, 37, 146521
List the prime factors of 37143113.
7, 17, 29, 47, 229
List the prime factors of 3500764624.
2, 7, 61, 71, 1031
What are the prime factors of 28687120?
2, 5, 7, 11, 4657
What are the prime factors of 1435440183?
3, 478480061
List the prime factors of 1239289087.
107, 11582141
List the prime factors of 16101299.
661, 24359
What are the prime factors of 87029902?
2, 17, 2559703
What are the prime factors of 481846367?
481846367
List the prime factors of 36268490.
2, 5, 47, 77167
List the prime factors of 105654496.
2, 47, 70249
What are the prime factors of 1289008662?
2, 3, 101, 2127077
List the prime factors of 46488921.
3, 281, 55147
List the prime factors of 16925729.
1789, 9461
List the prime factors of 1335076536.
2, 3, 55628189
List the prime factors of 2806702625.
5, 22453621
What are the prime factors of 4775050944?
2, 3, 113, 73363
What are the prime factors of 311656802?
2, 5051, 30851
What are the prime factors of 32833137?
3, 17, 73, 8819
List the prime factors of 1429007248.
2, 29, 31, 99347
What are the prime factors of 938880346?
2, 167, 797, 3527
List the prime factors of 743674264.
2, 997, 93239
What are the prime factors of 340873202?
2, 23, 7410287
List the prime factors of 165899671.
7, 101, 234653
List the prime factors of 471904529.
471904529
What are the prime factors of 1386221730?
2, 3, 5, 23, 31, 229, 283
What are the prime factors of 364772568?
2, 3, 15198857
What are the prime factors of 648876268?
2, 73, 163, 13633
List the prime factors of 4737223884.
2, 3, 394768657
What are the prime factors of 425176343?
383, 503, 2207
What are the prime factors of 1211107017?
3, 401, 1006739
List the prime factors of 2711837579.
11, 246530689
What are the prime factors of 342760136?
2, 42845017
List the prime factors of 5675532240.
2, 3, 5, 7, 3378293
List the prime factors of 693086650.
2, 5, 13861733
What are the prime factors of 185938507?
185938507
List the prime factors of 2951102654.
2, 4751, 310577
What are the prime factors of 369902046?
2, 3, 103, 751, 797
What are the prime factors of 75157678?
2, 439, 85601
List the prime factors of 1476792997.
9497, 155501
List the prime factors of 3021679689.
3, 7, 97, 1483397
List the prime factors of 533887798.
2, 2017, 132347
What are the prime factors of 9256934?
2, 109, 42463
List the prime factors of 290779005.
3, 5, 11, 1762297
What are the prime factors of 5617261737?
3, 17, 12238043
What are the prime factors of 3619866614?
2, 7, 13, 19889377
List the prime factors of 137360541.
3, 45786847
What are the prime factors of 193315308?
2, 3, 761, 21169
List the prime factors of 945913364.
2, 11, 23, 40639
List the prime factors of 1870324453.
13217, 141509
What are the prime factors of 25392097?
25392097
List the prime factors of 135728243.
7, 73, 265613
What are the prime factors of 23654143?
23, 541, 1901
What are the prime factors of 424901478?
2, 3, 61, 853, 1361
List the prime factors of 83224847.
83, 1002709
List the prime factors of 730685415.
3, 5, 17, 2865433
List the prime factors of 6014868264.
2, 3, 41, 179, 11383
List the prime factors of 4180309384.
2, 17, 103, 107, 2789
List the prime factors of 37292612.
2, 7, 773, 1723
List the prime factors of 110805459.
3, 73, 505961
List the prime factors of 7580528.
2, 71, 6673
List the prime factors of 5071235136.
2, 3, 11, 163, 14731
List the prime factors of 45959476.
2, 37, 193, 1609
What are the prime factors of 428407468?
2, 71, 499, 3023
List the prime factors of 60180623.
60180623
List the prime factors of 526084442.
2, 13, 47, 430511
What are the prime factors of 44022354?
2, 3, 19, 386161
What are the prime factors of 1357724208?
2, 3, 28285921
List the prime factors of 782630747.
782630747
What are the prime factors of 8342656626?
2, 3, 71, 443, 44207
What are the prime factors of 101807954?
2, 307, 165811
List the prime factors of 392683030.
2, 5, 39268303
What are the prime factors of 919919416?
2, 13, 233, 37963
List the prime factors of 1087361251.
1087361251
List the prime factors of 57301703.
157, 364979
List the prime factors of 8321864.
2, 61, 17053
What are the prime factors of 3732785120?
2, 5, 47, 496381
List the prime factors of 351692641.
19, 569, 32531
What are the prime factors of 35000630?
2, 5, 7, 500009
List the prime factors of 489320313.
3, 3701, 44071
List the prime factors of 39274188.
2, 3, 3272849
List the prime factors of 8282526003.
3, 920280667
What are the prime factors of 60045863?
29, 491, 4217
List the prime factors of 58036454.
2, 7, 179, 23159
What are the prime factors of 3115908249?
3, 19, 54665057
What are the prime factors of 1628521864?
2, 203565233
What are the prime factors of 1445443925?
5, 43, 1344599
What are the prime factors of 537015471